{"id":160962,"date":"2025-05-02T19:48:08","date_gmt":"2025-05-02T19:48:08","guid":{"rendered":"https:\/\/autorival.ro\/chevrolet\/product\/bec-semnalizator-chevrolet-cruze-hatchback-j305-1-8-benzina-140-cai-philips-12067b2\/"},"modified":"2025-05-02T19:48:08","modified_gmt":"2025-05-02T19:48:08","slug":"bec-semnalizator-chevrolet-cruze-hatchback-j305-1-8-benzina-140-cai-philips-12067b2","status":"publish","type":"product","link":"https:\/\/autorival.ro\/chevrolet\/product\/bec-semnalizator-chevrolet-cruze-hatchback-j305-1-8-benzina-140-cai-philips-12067b2\/","title":{"rendered":"Bec semnalizator CHEVROLET CRUZE hatchback (J305) 1.8 benzina 140 cai PHILIPS 12067B2"},"content":{"rendered":"<p>TIp lampa: W16W, Bec cu soclu din sticl\u0103Tensiune [V]: 12Putere nominal\u0103 [W]: 16Variant\u0103 de execu\u021bie soclu lamp\u0103 incandescent\u0103: W2.1&#215;9.5d<\/p>\n","protected":false},"excerpt":{"rendered":"<p>Producator: PHILIPS Cod producator: 12067B2<\/p>\n","protected":false},"featured_media":56641,"comment_status":"open","ping_status":"closed","template":"","meta":[],"product_brand":[11143],"product_cat":[57268],"product_tag":[72487,72279,72287,72299,72498,72506],"class_list":{"0":"post-160962","1":"product","2":"type-product","3":"status-publish","4":"has-post-thumbnail","6":"product_brand-philips","7":"product_cat-bec-semnalizator-hatchback-j305-1-8-benzina-140-4","8":"product_tag-bec","9":"product_tag-chevrolet","10":"product_tag-cruze","11":"product_tag-hatchback","12":"product_tag-philips","13":"product_tag-semnalizator","15":"first","16":"instock","17":"shipping-taxable","18":"purchasable","19":"product-type-simple"},"yoast_head":"<!-- This site is optimized with the Yoast SEO plugin v27.3 - https:\/\/yoast.com\/product\/yoast-seo-wordpress\/ -->\n<title>Bec semnalizator CHEVROLET CRUZE hatchback (J305) 1.8 benzina 140 cai PHILIPS 12067B2 CHEVROLET | PHILIPS - Autorival<\/title>\n<meta name=\"description\" content=\"\u26a1 Bec semnalizator CHEVROLET CRUZE hatchback (J305) 1.8 benzina 140 cai PHILIPS 12067B2 pentru CHEVROLET la doar 17 RON. \u2713 Cod: 12067B2 \u2713 Brand: PHILIPS \u2713 \u00cen stoc \u2713 Livrare 24h \u2713 Garan\u021bie!\" \/>\n<meta name=\"robots\" content=\"index, follow, max-snippet:-1, max-image-preview:large, max-video-preview:-1\" \/>\n<meta property=\"og:locale\" content=\"en_US\" \/>\n<meta property=\"og:type\" content=\"article\" \/>\n<meta property=\"og:title\" content=\"Bec semnalizator CHEVROLET CRUZE hatchback (J305) 1.8 benzina 140 cai PHILIPS 12067B2 CHEVROLET | PHILIPS - Autorival\" \/>\n<meta property=\"og:description\" content=\"\u26a1 Bec semnalizator CHEVROLET CRUZE hatchback (J305) 1.8 benzina 140 cai PHILIPS 12067B2 pentru CHEVROLET la doar 17 RON. \u2713 Cod: 12067B2 \u2713 Brand: PHILIPS \u2713 \u00cen stoc \u2713 Livrare 24h \u2713 Garan\u021bie!\" \/>\n<meta property=\"og:url\" content=\"https:\/\/autorival.ro\/chevrolet\/product\/bec-semnalizator-chevrolet-cruze-hatchback-j305-1-8-benzina-140-cai-philips-12067b2\/\" \/>\n<meta property=\"og:site_name\" content=\"CHEVROLET\" \/>\n<meta property=\"og:image\" content=\"https:\/\/autorival.ro\/chevrolet\/wp-content\/uploads\/sites\/7\/2025\/04\/12067b2-1.jpg\" \/>\n\t<meta property=\"og:image:width\" content=\"207\" \/>\n\t<meta property=\"og:image:height\" content=\"400\" \/>\n\t<meta property=\"og:image:type\" content=\"image\/jpeg\" \/>\n<meta name=\"twitter:card\" content=\"summary_large_image\" \/>\n<meta name=\"twitter:title\" content=\"Bec semnalizator CHEVROLET CRUZE hatchback (J305) 1.8 benzina 140 cai PHILIPS 12067B2 CHEVROLET | PHILIPS - Autorival\" \/>\n<meta name=\"twitter:description\" content=\"\u26a1 Bec semnalizator CHEVROLET CRUZE hatchback (J305) 1.8 benzina 140 cai PHILIPS 12067B2 pentru CHEVROLET la doar 17 RON. \u2713 Cod: 12067B2 \u2713 Brand: PHILIPS \u2713 \u00cen stoc \u2713 Livrare 24h \u2713 Garan\u021bie!\" \/>\n<script type=\"application\/ld+json\" class=\"yoast-schema-graph\">{\"@context\":\"https:\\\/\\\/schema.org\",\"@graph\":[{\"@type\":\"WebPage\",\"@id\":\"https:\\\/\\\/autorival.ro\\\/chevrolet\\\/product\\\/bec-semnalizator-chevrolet-cruze-hatchback-j305-1-8-benzina-140-cai-philips-12067b2\\\/\",\"url\":\"https:\\\/\\\/autorival.ro\\\/chevrolet\\\/product\\\/bec-semnalizator-chevrolet-cruze-hatchback-j305-1-8-benzina-140-cai-philips-12067b2\\\/\",\"name\":\"Bec semnalizator CHEVROLET CRUZE hatchback (J305) 1.8 benzina 140 cai PHILIPS 12067B2 CHEVROLET | PHILIPS - Autorival\",\"isPartOf\":{\"@id\":\"https:\\\/\\\/autorival.ro\\\/chevrolet\\\/#website\"},\"primaryImageOfPage\":{\"@id\":\"https:\\\/\\\/autorival.ro\\\/chevrolet\\\/product\\\/bec-semnalizator-chevrolet-cruze-hatchback-j305-1-8-benzina-140-cai-philips-12067b2\\\/#primaryimage\"},\"image\":{\"@id\":\"https:\\\/\\\/autorival.ro\\\/chevrolet\\\/product\\\/bec-semnalizator-chevrolet-cruze-hatchback-j305-1-8-benzina-140-cai-philips-12067b2\\\/#primaryimage\"},\"thumbnailUrl\":\"https:\\\/\\\/autorival.ro\\\/chevrolet\\\/wp-content\\\/uploads\\\/sites\\\/7\\\/2025\\\/04\\\/12067b2-1.jpg\",\"datePublished\":\"2025-05-02T19:48:08+00:00\",\"description\":\"\u26a1 Bec semnalizator CHEVROLET CRUZE hatchback (J305) 1.8 benzina 140 cai PHILIPS 12067B2 pentru CHEVROLET la doar 17 RON. \u2713 Cod: 12067B2 \u2713 Brand: PHILIPS \u2713 \u00cen stoc \u2713 Livrare 24h \u2713 Garan\u021bie!\",\"breadcrumb\":{\"@id\":\"https:\\\/\\\/autorival.ro\\\/chevrolet\\\/product\\\/bec-semnalizator-chevrolet-cruze-hatchback-j305-1-8-benzina-140-cai-philips-12067b2\\\/#breadcrumb\"},\"inLanguage\":\"en-US\",\"potentialAction\":[{\"@type\":\"ReadAction\",\"target\":[\"https:\\\/\\\/autorival.ro\\\/chevrolet\\\/product\\\/bec-semnalizator-chevrolet-cruze-hatchback-j305-1-8-benzina-140-cai-philips-12067b2\\\/\"]}]},{\"@type\":\"ImageObject\",\"inLanguage\":\"en-US\",\"@id\":\"https:\\\/\\\/autorival.ro\\\/chevrolet\\\/product\\\/bec-semnalizator-chevrolet-cruze-hatchback-j305-1-8-benzina-140-cai-philips-12067b2\\\/#primaryimage\",\"url\":\"https:\\\/\\\/autorival.ro\\\/chevrolet\\\/wp-content\\\/uploads\\\/sites\\\/7\\\/2025\\\/04\\\/12067b2-1.jpg\",\"contentUrl\":\"https:\\\/\\\/autorival.ro\\\/chevrolet\\\/wp-content\\\/uploads\\\/sites\\\/7\\\/2025\\\/04\\\/12067b2-1.jpg\",\"width\":207,\"height\":400,\"caption\":\"Bec semnalizator -> CHEVROLET CRUZE hatchback (J305) 1.4 benzina 140 cai -> PHILIPS 12067B2\"},{\"@type\":\"BreadcrumbList\",\"@id\":\"https:\\\/\\\/autorival.ro\\\/chevrolet\\\/product\\\/bec-semnalizator-chevrolet-cruze-hatchback-j305-1-8-benzina-140-cai-philips-12067b2\\\/#breadcrumb\",\"itemListElement\":[{\"@type\":\"ListItem\",\"position\":1,\"name\":\"Prima pagin\u0103\",\"item\":\"https:\\\/\\\/autorival.ro\\\/chevrolet\\\/\"},{\"@type\":\"ListItem\",\"position\":2,\"name\":\"Piese auto CHEVROLET\",\"item\":\"https:\\\/\\\/autorival.ro\\\/chevrolet\\\/\"},{\"@type\":\"ListItem\",\"position\":3,\"name\":\"Bec semnalizator CHEVROLET CRUZE hatchback (J305) 1.8 benzina 140 cai PHILIPS 12067B2\"}]},{\"@type\":\"WebSite\",\"@id\":\"https:\\\/\\\/autorival.ro\\\/chevrolet\\\/#website\",\"url\":\"https:\\\/\\\/autorival.ro\\\/chevrolet\\\/\",\"name\":\"CHEVROLET\",\"description\":\"\",\"potentialAction\":[{\"@type\":\"SearchAction\",\"target\":{\"@type\":\"EntryPoint\",\"urlTemplate\":\"https:\\\/\\\/autorival.ro\\\/chevrolet\\\/?s={search_term_string}\"},\"query-input\":{\"@type\":\"PropertyValueSpecification\",\"valueRequired\":true,\"valueName\":\"search_term_string\"}}],\"inLanguage\":\"en-US\"}]}<\/script>\n<!-- \/ Yoast SEO plugin. -->","yoast_head_json":{"title":"Bec semnalizator CHEVROLET CRUZE hatchback (J305) 1.8 benzina 140 cai PHILIPS 12067B2 CHEVROLET | PHILIPS - Autorival","description":"\u26a1 Bec semnalizator CHEVROLET CRUZE hatchback (J305) 1.8 benzina 140 cai PHILIPS 12067B2 pentru CHEVROLET la doar 17 RON. \u2713 Cod: 12067B2 \u2713 Brand: PHILIPS \u2713 \u00cen stoc \u2713 Livrare 24h \u2713 Garan\u021bie!","robots":{"index":"index","follow":"follow","max-snippet":"max-snippet:-1","max-image-preview":"max-image-preview:large","max-video-preview":"max-video-preview:-1"},"og_locale":"en_US","og_type":"article","og_title":"Bec semnalizator CHEVROLET CRUZE hatchback (J305) 1.8 benzina 140 cai PHILIPS 12067B2 CHEVROLET | PHILIPS - Autorival","og_description":"\u26a1 Bec semnalizator CHEVROLET CRUZE hatchback (J305) 1.8 benzina 140 cai PHILIPS 12067B2 pentru CHEVROLET la doar 17 RON. \u2713 Cod: 12067B2 \u2713 Brand: PHILIPS \u2713 \u00cen stoc \u2713 Livrare 24h \u2713 Garan\u021bie!","og_url":"https:\/\/autorival.ro\/chevrolet\/product\/bec-semnalizator-chevrolet-cruze-hatchback-j305-1-8-benzina-140-cai-philips-12067b2\/","og_site_name":"CHEVROLET","og_image":[{"width":207,"height":400,"url":"https:\/\/autorival.ro\/chevrolet\/wp-content\/uploads\/sites\/7\/2025\/04\/12067b2-1.jpg","type":"image\/jpeg"}],"twitter_card":"summary_large_image","twitter_title":"Bec semnalizator CHEVROLET CRUZE hatchback (J305) 1.8 benzina 140 cai PHILIPS 12067B2 CHEVROLET | PHILIPS - Autorival","twitter_description":"\u26a1 Bec semnalizator CHEVROLET CRUZE hatchback (J305) 1.8 benzina 140 cai PHILIPS 12067B2 pentru CHEVROLET la doar 17 RON. \u2713 Cod: 12067B2 \u2713 Brand: PHILIPS \u2713 \u00cen stoc \u2713 Livrare 24h \u2713 Garan\u021bie!","schema":{"@context":"https:\/\/schema.org","@graph":[{"@type":"WebPage","@id":"https:\/\/autorival.ro\/chevrolet\/product\/bec-semnalizator-chevrolet-cruze-hatchback-j305-1-8-benzina-140-cai-philips-12067b2\/","url":"https:\/\/autorival.ro\/chevrolet\/product\/bec-semnalizator-chevrolet-cruze-hatchback-j305-1-8-benzina-140-cai-philips-12067b2\/","name":"Bec semnalizator CHEVROLET CRUZE hatchback (J305) 1.8 benzina 140 cai PHILIPS 12067B2 CHEVROLET | PHILIPS - Autorival","isPartOf":{"@id":"https:\/\/autorival.ro\/chevrolet\/#website"},"primaryImageOfPage":{"@id":"https:\/\/autorival.ro\/chevrolet\/product\/bec-semnalizator-chevrolet-cruze-hatchback-j305-1-8-benzina-140-cai-philips-12067b2\/#primaryimage"},"image":{"@id":"https:\/\/autorival.ro\/chevrolet\/product\/bec-semnalizator-chevrolet-cruze-hatchback-j305-1-8-benzina-140-cai-philips-12067b2\/#primaryimage"},"thumbnailUrl":"https:\/\/autorival.ro\/chevrolet\/wp-content\/uploads\/sites\/7\/2025\/04\/12067b2-1.jpg","datePublished":"2025-05-02T19:48:08+00:00","description":"\u26a1 Bec semnalizator CHEVROLET CRUZE hatchback (J305) 1.8 benzina 140 cai PHILIPS 12067B2 pentru CHEVROLET la doar 17 RON. \u2713 Cod: 12067B2 \u2713 Brand: PHILIPS \u2713 \u00cen stoc \u2713 Livrare 24h \u2713 Garan\u021bie!","breadcrumb":{"@id":"https:\/\/autorival.ro\/chevrolet\/product\/bec-semnalizator-chevrolet-cruze-hatchback-j305-1-8-benzina-140-cai-philips-12067b2\/#breadcrumb"},"inLanguage":"en-US","potentialAction":[{"@type":"ReadAction","target":["https:\/\/autorival.ro\/chevrolet\/product\/bec-semnalizator-chevrolet-cruze-hatchback-j305-1-8-benzina-140-cai-philips-12067b2\/"]}]},{"@type":"ImageObject","inLanguage":"en-US","@id":"https:\/\/autorival.ro\/chevrolet\/product\/bec-semnalizator-chevrolet-cruze-hatchback-j305-1-8-benzina-140-cai-philips-12067b2\/#primaryimage","url":"https:\/\/autorival.ro\/chevrolet\/wp-content\/uploads\/sites\/7\/2025\/04\/12067b2-1.jpg","contentUrl":"https:\/\/autorival.ro\/chevrolet\/wp-content\/uploads\/sites\/7\/2025\/04\/12067b2-1.jpg","width":207,"height":400,"caption":"Bec semnalizator -> CHEVROLET CRUZE hatchback (J305) 1.4 benzina 140 cai -> PHILIPS 12067B2"},{"@type":"BreadcrumbList","@id":"https:\/\/autorival.ro\/chevrolet\/product\/bec-semnalizator-chevrolet-cruze-hatchback-j305-1-8-benzina-140-cai-philips-12067b2\/#breadcrumb","itemListElement":[{"@type":"ListItem","position":1,"name":"Prima pagin\u0103","item":"https:\/\/autorival.ro\/chevrolet\/"},{"@type":"ListItem","position":2,"name":"Piese auto CHEVROLET","item":"https:\/\/autorival.ro\/chevrolet\/"},{"@type":"ListItem","position":3,"name":"Bec semnalizator CHEVROLET CRUZE hatchback (J305) 1.8 benzina 140 cai PHILIPS 12067B2"}]},{"@type":"WebSite","@id":"https:\/\/autorival.ro\/chevrolet\/#website","url":"https:\/\/autorival.ro\/chevrolet\/","name":"CHEVROLET","description":"","potentialAction":[{"@type":"SearchAction","target":{"@type":"EntryPoint","urlTemplate":"https:\/\/autorival.ro\/chevrolet\/?s={search_term_string}"},"query-input":{"@type":"PropertyValueSpecification","valueRequired":true,"valueName":"search_term_string"}}],"inLanguage":"en-US"}]}},"_links":{"self":[{"href":"https:\/\/autorival.ro\/chevrolet\/wp-json\/wp\/v2\/product\/160962","targetHints":{"allow":["GET"]}}],"collection":[{"href":"https:\/\/autorival.ro\/chevrolet\/wp-json\/wp\/v2\/product"}],"about":[{"href":"https:\/\/autorival.ro\/chevrolet\/wp-json\/wp\/v2\/types\/product"}],"replies":[{"embeddable":true,"href":"https:\/\/autorival.ro\/chevrolet\/wp-json\/wp\/v2\/comments?post=160962"}],"wp:featuredmedia":[{"embeddable":true,"href":"https:\/\/autorival.ro\/chevrolet\/wp-json\/wp\/v2\/media\/56641"}],"wp:attachment":[{"href":"https:\/\/autorival.ro\/chevrolet\/wp-json\/wp\/v2\/media?parent=160962"}],"wp:term":[{"taxonomy":"product_brand","embeddable":true,"href":"https:\/\/autorival.ro\/chevrolet\/wp-json\/wp\/v2\/product_brand?post=160962"},{"taxonomy":"product_cat","embeddable":true,"href":"https:\/\/autorival.ro\/chevrolet\/wp-json\/wp\/v2\/product_cat?post=160962"},{"taxonomy":"product_tag","embeddable":true,"href":"https:\/\/autorival.ro\/chevrolet\/wp-json\/wp\/v2\/product_tag?post=160962"}],"curies":[{"name":"wp","href":"https:\/\/api.w.org\/{rel}","templated":true}]}}