{"id":700612,"date":"2025-06-29T07:25:57","date_gmt":"2025-06-29T07:25:57","guid":{"rendered":"https:\/\/autorival.ro\/bmw\/product\/bieleta-antiruliu-bmw-seria-3-cupe-e92-335-xi-benzina-306-cai-meyle-316-060-0026-hd\/"},"modified":"2025-06-29T07:25:57","modified_gmt":"2025-06-29T07:25:57","slug":"bieleta-antiruliu-bmw-seria-3-cupe-e92-335-xi-benzina-306-cai-meyle-316-060-0026-hd","status":"publish","type":"product","link":"https:\/\/autorival.ro\/bmw\/product\/bieleta-antiruliu-bmw-seria-3-cupe-e92-335-xi-benzina-306-cai-meyle-316-060-0026-hd\/","title":{"rendered":"Bieleta antiruliu BMW Seria 3 cupe (E92) 335 xi benzina 306 cai MEYLE 316 060 0026\/HD"},"content":{"rendered":"<p>Partea de montare: Axa fata dreaptaBara\/bieleta: bara torsiune ->Lungime [mm]: 340 ->Dimensiune filet 1: M10x1,5 ->Dimensiune filet 2: M10x1,5Articol extins\/Informatii de extindere: cu prelungitor de cheieModel ranforsatNumar bucati necesare: 1\u00eenlocuire \u00een pereche recomandat\u0103cu eticheta ecologic\u0103: Amprent\u0103 de carbon neutr\u0103Numar articol par: 316 060 0025\/HD<\/p>\n","protected":false},"excerpt":{"rendered":"<p>Producator: MEYLE Cod producator: 316 060 0026\/HD<\/p>\n","protected":false},"featured_media":700613,"comment_status":"open","ping_status":"closed","template":"","meta":[],"product_brand":[4048],"product_cat":[19935],"product_tag":[31738,32212,32211,31680,31707,31858,31685],"class_list":{"0":"post-700612","1":"product","2":"type-product","3":"status-publish","4":"has-post-thumbnail","6":"product_brand-meyle","7":"product_cat-bieleta-antiruliu-cupe-e92-335-xi-benzina-306","8":"product_tag-e92","9":"product_tag-antiruliu","10":"product_tag-bieleta","11":"product_tag-bmw","12":"product_tag-cupe","13":"product_tag-meyle","14":"product_tag-seria","16":"first","17":"instock","18":"shipping-taxable","19":"purchasable","20":"product-type-simple"},"yoast_head":"<!-- This site is optimized with the Yoast SEO plugin v27.3 - https:\/\/yoast.com\/product\/yoast-seo-wordpress\/ -->\n<title>Bieleta antiruliu BMW Seria 3 cupe (E92) 335 xi benzina 306 cai MEYLE 316 060 0026\/HD BMW | MEYLE - Autorival<\/title>\n<meta name=\"description\" content=\"\u26a1 Bieleta antiruliu BMW Seria 3 cupe (E92) 335 xi benzina 306 cai MEYLE 316 060 0026\/HD pentru BMW la doar 116.55 RON. \u2713 Cod: 316 \u2713 Brand: MEYLE \u2713 \u00cen stoc \u2713 Livrare 24h \u2713 Garan\u021bie!\" \/>\n<meta name=\"robots\" content=\"index, follow, max-snippet:-1, max-image-preview:large, max-video-preview:-1\" \/>\n<meta property=\"og:locale\" content=\"en_US\" \/>\n<meta property=\"og:type\" content=\"article\" \/>\n<meta property=\"og:title\" content=\"Bieleta antiruliu BMW Seria 3 cupe (E92) 335 xi benzina 306 cai MEYLE 316 060 0026\/HD BMW | MEYLE - Autorival\" \/>\n<meta property=\"og:description\" content=\"\u26a1 Bieleta antiruliu BMW Seria 3 cupe (E92) 335 xi benzina 306 cai MEYLE 316 060 0026\/HD pentru BMW la doar 116.55 RON. \u2713 Cod: 316 \u2713 Brand: MEYLE \u2713 \u00cen stoc \u2713 Livrare 24h \u2713 Garan\u021bie!\" \/>\n<meta property=\"og:url\" content=\"https:\/\/autorival.ro\/bmw\/product\/bieleta-antiruliu-bmw-seria-3-cupe-e92-335-xi-benzina-306-cai-meyle-316-060-0026-hd\/\" \/>\n<meta property=\"og:site_name\" content=\"BMW\" \/>\n<meta property=\"og:image\" content=\"https:\/\/autorival.ro\/bmw\/wp-content\/uploads\/sites\/6\/2025\/06\/fs_3160600026hd_1-36.jpg\" \/>\n\t<meta property=\"og:image:width\" content=\"600\" \/>\n\t<meta property=\"og:image:height\" content=\"400\" \/>\n\t<meta property=\"og:image:type\" content=\"image\/jpeg\" \/>\n<meta name=\"twitter:card\" content=\"summary_large_image\" \/>\n<meta name=\"twitter:title\" content=\"Bieleta antiruliu BMW Seria 3 cupe (E92) 335 xi benzina 306 cai MEYLE 316 060 0026\/HD BMW | MEYLE - Autorival\" \/>\n<meta name=\"twitter:description\" content=\"\u26a1 Bieleta antiruliu BMW Seria 3 cupe (E92) 335 xi benzina 306 cai MEYLE 316 060 0026\/HD pentru BMW la doar 116.55 RON. \u2713 Cod: 316 \u2713 Brand: MEYLE \u2713 \u00cen stoc \u2713 Livrare 24h \u2713 Garan\u021bie!\" \/>\n<script type=\"application\/ld+json\" class=\"yoast-schema-graph\">{\"@context\":\"https:\\\/\\\/schema.org\",\"@graph\":[{\"@type\":\"WebPage\",\"@id\":\"https:\\\/\\\/autorival.ro\\\/bmw\\\/product\\\/bieleta-antiruliu-bmw-seria-3-cupe-e92-335-xi-benzina-306-cai-meyle-316-060-0026-hd\\\/\",\"url\":\"https:\\\/\\\/autorival.ro\\\/bmw\\\/product\\\/bieleta-antiruliu-bmw-seria-3-cupe-e92-335-xi-benzina-306-cai-meyle-316-060-0026-hd\\\/\",\"name\":\"Bieleta antiruliu BMW Seria 3 cupe (E92) 335 xi benzina 306 cai MEYLE 316 060 0026\\\/HD BMW | MEYLE - Autorival\",\"isPartOf\":{\"@id\":\"https:\\\/\\\/autorival.ro\\\/bmw\\\/#website\"},\"primaryImageOfPage\":{\"@id\":\"https:\\\/\\\/autorival.ro\\\/bmw\\\/product\\\/bieleta-antiruliu-bmw-seria-3-cupe-e92-335-xi-benzina-306-cai-meyle-316-060-0026-hd\\\/#primaryimage\"},\"image\":{\"@id\":\"https:\\\/\\\/autorival.ro\\\/bmw\\\/product\\\/bieleta-antiruliu-bmw-seria-3-cupe-e92-335-xi-benzina-306-cai-meyle-316-060-0026-hd\\\/#primaryimage\"},\"thumbnailUrl\":\"https:\\\/\\\/autorival.ro\\\/bmw\\\/wp-content\\\/uploads\\\/sites\\\/6\\\/2025\\\/06\\\/fs_3160600026hd_1-36.jpg\",\"datePublished\":\"2025-06-29T07:25:57+00:00\",\"description\":\"\u26a1 Bieleta antiruliu BMW Seria 3 cupe (E92) 335 xi benzina 306 cai MEYLE 316 060 0026\\\/HD pentru BMW la doar 116.55 RON. \u2713 Cod: 316 \u2713 Brand: MEYLE \u2713 \u00cen stoc \u2713 Livrare 24h \u2713 Garan\u021bie!\",\"breadcrumb\":{\"@id\":\"https:\\\/\\\/autorival.ro\\\/bmw\\\/product\\\/bieleta-antiruliu-bmw-seria-3-cupe-e92-335-xi-benzina-306-cai-meyle-316-060-0026-hd\\\/#breadcrumb\"},\"inLanguage\":\"en-US\",\"potentialAction\":[{\"@type\":\"ReadAction\",\"target\":[\"https:\\\/\\\/autorival.ro\\\/bmw\\\/product\\\/bieleta-antiruliu-bmw-seria-3-cupe-e92-335-xi-benzina-306-cai-meyle-316-060-0026-hd\\\/\"]}]},{\"@type\":\"ImageObject\",\"inLanguage\":\"en-US\",\"@id\":\"https:\\\/\\\/autorival.ro\\\/bmw\\\/product\\\/bieleta-antiruliu-bmw-seria-3-cupe-e92-335-xi-benzina-306-cai-meyle-316-060-0026-hd\\\/#primaryimage\",\"url\":\"https:\\\/\\\/autorival.ro\\\/bmw\\\/wp-content\\\/uploads\\\/sites\\\/6\\\/2025\\\/06\\\/fs_3160600026hd_1-36.jpg\",\"contentUrl\":\"https:\\\/\\\/autorival.ro\\\/bmw\\\/wp-content\\\/uploads\\\/sites\\\/6\\\/2025\\\/06\\\/fs_3160600026hd_1-36.jpg\",\"width\":600,\"height\":400,\"caption\":\"Bieleta antiruliu BMW Seria 3 cupe (E92) 335 xi benzina 306 cai MEYLE 316 060 0026\\\/HD\"},{\"@type\":\"BreadcrumbList\",\"@id\":\"https:\\\/\\\/autorival.ro\\\/bmw\\\/product\\\/bieleta-antiruliu-bmw-seria-3-cupe-e92-335-xi-benzina-306-cai-meyle-316-060-0026-hd\\\/#breadcrumb\",\"itemListElement\":[{\"@type\":\"ListItem\",\"position\":1,\"name\":\"Prima pagin\u0103\",\"item\":\"https:\\\/\\\/autorival.ro\\\/bmw\\\/\"},{\"@type\":\"ListItem\",\"position\":2,\"name\":\"Piese auto BMW\",\"item\":\"https:\\\/\\\/autorival.ro\\\/bmw\\\/\"},{\"@type\":\"ListItem\",\"position\":3,\"name\":\"Bieleta antiruliu BMW Seria 3 cupe (E92) 335 xi benzina 306 cai MEYLE 316 060 0026\\\/HD\"}]},{\"@type\":\"WebSite\",\"@id\":\"https:\\\/\\\/autorival.ro\\\/bmw\\\/#website\",\"url\":\"https:\\\/\\\/autorival.ro\\\/bmw\\\/\",\"name\":\"BMW\",\"description\":\"\",\"potentialAction\":[{\"@type\":\"SearchAction\",\"target\":{\"@type\":\"EntryPoint\",\"urlTemplate\":\"https:\\\/\\\/autorival.ro\\\/bmw\\\/?s={search_term_string}\"},\"query-input\":{\"@type\":\"PropertyValueSpecification\",\"valueRequired\":true,\"valueName\":\"search_term_string\"}}],\"inLanguage\":\"en-US\"}]}<\/script>\n<!-- \/ Yoast SEO plugin. -->","yoast_head_json":{"title":"Bieleta antiruliu BMW Seria 3 cupe (E92) 335 xi benzina 306 cai MEYLE 316 060 0026\/HD BMW | MEYLE - Autorival","description":"\u26a1 Bieleta antiruliu BMW Seria 3 cupe (E92) 335 xi benzina 306 cai MEYLE 316 060 0026\/HD pentru BMW la doar 116.55 RON. \u2713 Cod: 316 \u2713 Brand: MEYLE \u2713 \u00cen stoc \u2713 Livrare 24h \u2713 Garan\u021bie!","robots":{"index":"index","follow":"follow","max-snippet":"max-snippet:-1","max-image-preview":"max-image-preview:large","max-video-preview":"max-video-preview:-1"},"og_locale":"en_US","og_type":"article","og_title":"Bieleta antiruliu BMW Seria 3 cupe (E92) 335 xi benzina 306 cai MEYLE 316 060 0026\/HD BMW | MEYLE - Autorival","og_description":"\u26a1 Bieleta antiruliu BMW Seria 3 cupe (E92) 335 xi benzina 306 cai MEYLE 316 060 0026\/HD pentru BMW la doar 116.55 RON. \u2713 Cod: 316 \u2713 Brand: MEYLE \u2713 \u00cen stoc \u2713 Livrare 24h \u2713 Garan\u021bie!","og_url":"https:\/\/autorival.ro\/bmw\/product\/bieleta-antiruliu-bmw-seria-3-cupe-e92-335-xi-benzina-306-cai-meyle-316-060-0026-hd\/","og_site_name":"BMW","og_image":[{"width":600,"height":400,"url":"https:\/\/autorival.ro\/bmw\/wp-content\/uploads\/sites\/6\/2025\/06\/fs_3160600026hd_1-36.jpg","type":"image\/jpeg"}],"twitter_card":"summary_large_image","twitter_title":"Bieleta antiruliu BMW Seria 3 cupe (E92) 335 xi benzina 306 cai MEYLE 316 060 0026\/HD BMW | MEYLE - Autorival","twitter_description":"\u26a1 Bieleta antiruliu BMW Seria 3 cupe (E92) 335 xi benzina 306 cai MEYLE 316 060 0026\/HD pentru BMW la doar 116.55 RON. \u2713 Cod: 316 \u2713 Brand: MEYLE \u2713 \u00cen stoc \u2713 Livrare 24h \u2713 Garan\u021bie!","schema":{"@context":"https:\/\/schema.org","@graph":[{"@type":"WebPage","@id":"https:\/\/autorival.ro\/bmw\/product\/bieleta-antiruliu-bmw-seria-3-cupe-e92-335-xi-benzina-306-cai-meyle-316-060-0026-hd\/","url":"https:\/\/autorival.ro\/bmw\/product\/bieleta-antiruliu-bmw-seria-3-cupe-e92-335-xi-benzina-306-cai-meyle-316-060-0026-hd\/","name":"Bieleta antiruliu BMW Seria 3 cupe (E92) 335 xi benzina 306 cai MEYLE 316 060 0026\/HD BMW | MEYLE - Autorival","isPartOf":{"@id":"https:\/\/autorival.ro\/bmw\/#website"},"primaryImageOfPage":{"@id":"https:\/\/autorival.ro\/bmw\/product\/bieleta-antiruliu-bmw-seria-3-cupe-e92-335-xi-benzina-306-cai-meyle-316-060-0026-hd\/#primaryimage"},"image":{"@id":"https:\/\/autorival.ro\/bmw\/product\/bieleta-antiruliu-bmw-seria-3-cupe-e92-335-xi-benzina-306-cai-meyle-316-060-0026-hd\/#primaryimage"},"thumbnailUrl":"https:\/\/autorival.ro\/bmw\/wp-content\/uploads\/sites\/6\/2025\/06\/fs_3160600026hd_1-36.jpg","datePublished":"2025-06-29T07:25:57+00:00","description":"\u26a1 Bieleta antiruliu BMW Seria 3 cupe (E92) 335 xi benzina 306 cai MEYLE 316 060 0026\/HD pentru BMW la doar 116.55 RON. \u2713 Cod: 316 \u2713 Brand: MEYLE \u2713 \u00cen stoc \u2713 Livrare 24h \u2713 Garan\u021bie!","breadcrumb":{"@id":"https:\/\/autorival.ro\/bmw\/product\/bieleta-antiruliu-bmw-seria-3-cupe-e92-335-xi-benzina-306-cai-meyle-316-060-0026-hd\/#breadcrumb"},"inLanguage":"en-US","potentialAction":[{"@type":"ReadAction","target":["https:\/\/autorival.ro\/bmw\/product\/bieleta-antiruliu-bmw-seria-3-cupe-e92-335-xi-benzina-306-cai-meyle-316-060-0026-hd\/"]}]},{"@type":"ImageObject","inLanguage":"en-US","@id":"https:\/\/autorival.ro\/bmw\/product\/bieleta-antiruliu-bmw-seria-3-cupe-e92-335-xi-benzina-306-cai-meyle-316-060-0026-hd\/#primaryimage","url":"https:\/\/autorival.ro\/bmw\/wp-content\/uploads\/sites\/6\/2025\/06\/fs_3160600026hd_1-36.jpg","contentUrl":"https:\/\/autorival.ro\/bmw\/wp-content\/uploads\/sites\/6\/2025\/06\/fs_3160600026hd_1-36.jpg","width":600,"height":400,"caption":"Bieleta antiruliu BMW Seria 3 cupe (E92) 335 xi benzina 306 cai MEYLE 316 060 0026\/HD"},{"@type":"BreadcrumbList","@id":"https:\/\/autorival.ro\/bmw\/product\/bieleta-antiruliu-bmw-seria-3-cupe-e92-335-xi-benzina-306-cai-meyle-316-060-0026-hd\/#breadcrumb","itemListElement":[{"@type":"ListItem","position":1,"name":"Prima pagin\u0103","item":"https:\/\/autorival.ro\/bmw\/"},{"@type":"ListItem","position":2,"name":"Piese auto BMW","item":"https:\/\/autorival.ro\/bmw\/"},{"@type":"ListItem","position":3,"name":"Bieleta antiruliu BMW Seria 3 cupe (E92) 335 xi benzina 306 cai MEYLE 316 060 0026\/HD"}]},{"@type":"WebSite","@id":"https:\/\/autorival.ro\/bmw\/#website","url":"https:\/\/autorival.ro\/bmw\/","name":"BMW","description":"","potentialAction":[{"@type":"SearchAction","target":{"@type":"EntryPoint","urlTemplate":"https:\/\/autorival.ro\/bmw\/?s={search_term_string}"},"query-input":{"@type":"PropertyValueSpecification","valueRequired":true,"valueName":"search_term_string"}}],"inLanguage":"en-US"}]}},"_links":{"self":[{"href":"https:\/\/autorival.ro\/bmw\/wp-json\/wp\/v2\/product\/700612","targetHints":{"allow":["GET"]}}],"collection":[{"href":"https:\/\/autorival.ro\/bmw\/wp-json\/wp\/v2\/product"}],"about":[{"href":"https:\/\/autorival.ro\/bmw\/wp-json\/wp\/v2\/types\/product"}],"replies":[{"embeddable":true,"href":"https:\/\/autorival.ro\/bmw\/wp-json\/wp\/v2\/comments?post=700612"}],"wp:featuredmedia":[{"embeddable":true,"href":"https:\/\/autorival.ro\/bmw\/wp-json\/wp\/v2\/media\/700613"}],"wp:attachment":[{"href":"https:\/\/autorival.ro\/bmw\/wp-json\/wp\/v2\/media?parent=700612"}],"wp:term":[{"taxonomy":"product_brand","embeddable":true,"href":"https:\/\/autorival.ro\/bmw\/wp-json\/wp\/v2\/product_brand?post=700612"},{"taxonomy":"product_cat","embeddable":true,"href":"https:\/\/autorival.ro\/bmw\/wp-json\/wp\/v2\/product_cat?post=700612"},{"taxonomy":"product_tag","embeddable":true,"href":"https:\/\/autorival.ro\/bmw\/wp-json\/wp\/v2\/product_tag?post=700612"}],"curies":[{"name":"wp","href":"https:\/\/api.w.org\/{rel}","templated":true}]}}